{"id":152,"date":"2021-05-18T01:54:43","date_gmt":"2021-05-17T23:54:43","guid":{"rendered":"https:\/\/hs-sophienstrasse.de\/index.php\/about\/"},"modified":"2025-08-12T13:50:18","modified_gmt":"2025-08-12T11:50:18","slug":"about","status":"publish","type":"page","link":"https:\/\/hs-sophienstrasse.de\/index.php\/about\/","title":{"rendered":"Downloads"},"content":{"rendered":"\t\t<div data-elementor-type=\"wp-page\" data-elementor-id=\"152\" class=\"elementor elementor-152\" data-elementor-post-type=\"page\">\n\t\t\t\t\t\t<section class=\"elementor-section elementor-top-section elementor-element elementor-element-de4320f elementor-section-boxed elementor-section-height-default elementor-section-height-default\" data-id=\"de4320f\" data-element_type=\"section\" data-e-type=\"section\" data-settings=\"{&quot;background_background&quot;:&quot;classic&quot;}\">\n\t\t\t\t\t\t<div class=\"elementor-container elementor-column-gap-no\">\n\t\t\t\t\t<div class=\"elementor-column elementor-col-100 elementor-top-column elementor-element elementor-element-7bdf3cf\" data-id=\"7bdf3cf\" data-element_type=\"column\" data-e-type=\"column\">\n\t\t\t<div class=\"elementor-widget-wrap elementor-element-populated\">\n\t\t\t\t\t\t<div class=\"elementor-element elementor-element-61bec78 elementor-widget elementor-widget-heading\" data-id=\"61bec78\" data-element_type=\"widget\" data-e-type=\"widget\" data-widget_type=\"heading.default\">\n\t\t\t\t<div class=\"elementor-widget-container\">\n\t\t\t\t\t<h1 class=\"elementor-heading-title elementor-size-default\">Downloads<\/h1>\t\t\t\t<\/div>\n\t\t\t\t<\/div>\n\t\t\t\t\t<\/div>\n\t\t<\/div>\n\t\t\t\t\t<\/div>\n\t\t<\/section>\n\t\t\t\t<section class=\"elementor-section elementor-top-section elementor-element elementor-element-34a55b3 elementor-section-boxed elementor-section-height-default elementor-section-height-default\" data-id=\"34a55b3\" data-element_type=\"section\" data-e-type=\"section\" data-settings=\"{&quot;background_background&quot;:&quot;classic&quot;}\">\n\t\t\t\t\t\t<div class=\"elementor-container elementor-column-gap-no\">\n\t\t\t\t\t<div class=\"elementor-column elementor-col-100 elementor-top-column elementor-element elementor-element-6b51a29\" data-id=\"6b51a29\" data-element_type=\"column\" data-e-type=\"column\">\n\t\t\t<div class=\"elementor-widget-wrap elementor-element-populated\">\n\t\t\t\t\t\t<div class=\"elementor-element elementor-element-6f6e0dd elementor-widget elementor-widget-heading\" data-id=\"6f6e0dd\" data-element_type=\"widget\" data-e-type=\"widget\" data-widget_type=\"heading.default\">\n\t\t\t\t<div class=\"elementor-widget-container\">\n\t\t\t\t\t<h2 class=\"elementor-heading-title elementor-size-default\">Dokumente mit aktuellen Informationen f\u00fcr das n\u00e4chste Schuljahr zum Download.<\/h2>\t\t\t\t<\/div>\n\t\t\t\t<\/div>\n\t\t\t\t<div class=\"elementor-element elementor-element-007526f elementor-widget-mobile__width-inherit elementor-widget-divider--view-line elementor-widget elementor-widget-divider\" data-id=\"007526f\" data-element_type=\"widget\" data-e-type=\"widget\" data-widget_type=\"divider.default\">\n\t\t\t\t<div class=\"elementor-widget-container\">\n\t\t\t\t\t\t\t<div class=\"elementor-divider\">\n\t\t\t<span class=\"elementor-divider-separator\">\n\t\t\t\t\t\t<\/span>\n\t\t<\/div>\n\t\t\t\t\t\t<\/div>\n\t\t\t\t<\/div>\n\t\t\t\t<div class=\"elementor-element elementor-element-2936761 elementor-widget elementor-widget-text-editor\" data-id=\"2936761\" data-element_type=\"widget\" data-e-type=\"widget\" data-widget_type=\"text-editor.default\">\n\t\t\t\t<div class=\"elementor-widget-container\">\n\t\t\t\t\t\t\t\t\t<p><strong><a href=\"https:\/\/schuelerbefoerderung.braunschweig.de\/\">Sammelsch\u00fclerzeitkarte f\u00fcr das Schuljahr 2025\/2026 (Onlineformular)<\/a><\/strong><\/p><p><strong><a href=\"http:\/\/hssophienstrasse.eu\/wp-content\/uploads\/2025\/05\/Antrag-SSZK-2025-26-1.pdf\" target=\"_blank\" rel=\"noopener noreferrer\">Download Sammelsch\u00fclerzeitkarte 2025\/2026 (pdf)<\/a><\/strong><\/p><h3><strong><a>Schulbuchlisten 2024\/2025<\/a><\/strong><\/h3><p><strong><a href=\"https:\/\/hs-sophienstrasse.de\/wp-content\/uploads\/2025\/08\/Klasse-5_25_26.pdf\" target=\"_blank\" rel=\"noopener noreferrer\">Schulbuchliste Klasse 5<\/a><\/strong><\/p><p><strong><a href=\"https:\/\/hs-sophienstrasse.de\/wp-content\/uploads\/2025\/08\/Klasse-6_25_26.pdf\" target=\"_blank\" rel=\"noopener noreferrer\">Schulbuchliste Klasse 6<\/a><\/strong><\/p><p><strong><a href=\"https:\/\/hs-sophienstrasse.de\/wp-content\/uploads\/2025\/08\/Klasse-7_25_26.pdf\" target=\"_blank\" rel=\"noopener noreferrer\">Schulbuchliste Klasse 7<\/a><\/strong><\/p><p><strong><a href=\"https:\/\/hs-sophienstrasse.de\/wp-content\/uploads\/2025\/08\/Klasse-8_25_26.pdf\" target=\"_blank\" rel=\"noopener noreferrer\">Schulbuchliste <\/a><\/strong><strong><a href=\"https:\/\/hs-sophienstrasse.de\/wp-content\/uploads\/2025\/08\/Klasse-8_25_26.pdf\" target=\"_blank\" rel=\"noopener noreferrer\">Klasse 8<\/a><\/strong><\/p><p><strong><a href=\"https:\/\/hs-sophienstrasse.de\/wp-content\/uploads\/2025\/08\/Klasse-9_25_26.pdf\" target=\"_blank\" rel=\"noopener noreferrer\">Schulbuchliste Klasse 9<\/a><\/strong><\/p><p><strong><a href=\"https:\/\/hs-sophienstrasse.de\/wp-content\/uploads\/2025\/08\/Klasse-10_25_26.pdf\" target=\"_blank\" rel=\"noopener noreferrer\">Schulbuchliste Klasse 10<\/a><\/strong><\/p><h3><strong><a>Materialliste (alle Jahrg\u00e4nge)<\/a><\/strong><\/h3><p><strong><a href=\"https:\/\/hs-sophienstrasse.de\/wp-content\/uploads\/2024\/08\/Materialliste-Mappenkonzept-HS-Sophie-2024-25.pdf\" target=\"_blank\" rel=\"noopener noreferrer\">Materialliste<\/a><\/strong><\/p><h3><strong><a>Anmeldeb\u00f6gen<\/a><\/strong><\/h3><p><a href=\"https:\/\/hs-sophienstrasse.de\/wp-content\/uploads\/2024\/08\/Anmeldebogen_Kl_5_2023.pdf\" target=\"_blank\" rel=\"noopener noreferrer\"><strong>Anmeldung Hauptschulen Stadt Braunschweig (Klasse 5)<\/strong><\/a><\/p><p><strong><a href=\"https:\/\/hs-sophienstrasse.de\/wp-content\/uploads\/2024\/08\/Anmeldebogen_Kl_6_10_2023.pdf\" target=\"_blank\" rel=\"noopener noreferrer\">Anmeldung Hauptschule Sophienstra\u00dfe (Klasse 6-10)<\/a><\/strong><\/p>\t\t\t\t\t\t\t\t<\/div>\n\t\t\t\t<\/div>\n\t\t\t\t<div class=\"elementor-element elementor-element-e18259a elementor-widget-mobile__width-inherit elementor-widget-divider--view-line elementor-widget elementor-widget-divider\" data-id=\"e18259a\" data-element_type=\"widget\" data-e-type=\"widget\" data-widget_type=\"divider.default\">\n\t\t\t\t<div class=\"elementor-widget-container\">\n\t\t\t\t\t\t\t<div class=\"elementor-divider\">\n\t\t\t<span class=\"elementor-divider-separator\">\n\t\t\t\t\t\t<\/span>\n\t\t<\/div>\n\t\t\t\t\t\t<\/div>\n\t\t\t\t<\/div>\n\t\t\t\t\t<\/div>\n\t\t<\/div>\n\t\t\t\t\t<\/div>\n\t\t<\/section>\n\t\t\t\t<\/div>\n\t\t","protected":false},"excerpt":{"rendered":"<p>Downloads Dokumente mit aktuellen Informationen f\u00fcr das n\u00e4chste Schuljahr zum Download. Sammelsch\u00fclerzeitkarte f\u00fcr das Schuljahr 2025\/2026 (Onlineformular) Download Sammelsch\u00fclerzeitkarte 2025\/2026 (pdf) Schulbuchlisten 2024\/2025 Schulbuchliste Klasse 5 Schulbuchliste Klasse 6 Schulbuchliste Klasse 7 Schulbuchliste Klasse 8 Schulbuchliste Klasse 9 Schulbuchliste Klasse 10 Materialliste (alle Jahrg\u00e4nge) Materialliste Anmeldeb\u00f6gen Anmeldung Hauptschulen Stadt Braunschweig (Klasse 5) Anmeldung Hauptschule Sophienstra\u00dfe [&hellip;]<\/p>\n","protected":false},"author":1,"featured_media":0,"parent":0,"menu_order":0,"comment_status":"closed","ping_status":"closed","template":"","meta":{"site-sidebar-layout":"no-sidebar","site-content-layout":"page-builder","ast-site-content-layout":"full-width-container","site-content-style":"unboxed","site-sidebar-style":"unboxed","ast-global-header-display":"","ast-banner-title-visibility":"","ast-main-header-display":"","ast-hfb-above-header-display":"","ast-hfb-below-header-display":"","ast-hfb-mobile-header-display":"","site-post-title":"disabled","ast-breadcrumbs-content":"disabled","ast-featured-img":"disabled","footer-sml-layout":"","ast-disable-related-posts":"","theme-transparent-header-meta":"default","adv-header-id-meta":"","stick-header-meta":"","header-above-stick-meta":"","header-main-stick-meta":"","header-below-stick-meta":"","astra-migrate-meta-layouts":"set","ast-page-background-enabled":"default","ast-page-background-meta":{"desktop":{"background-color":"","background-image":"","background-repeat":"repeat","background-position":"center center","background-size":"auto","background-attachment":"scroll","background-type":"","background-media":"","overlay-type":"","overlay-color":"","overlay-opacity":"","overlay-gradient":""},"tablet":{"background-color":"","background-image":"","background-repeat":"repeat","background-position":"center center","background-size":"auto","background-attachment":"scroll","background-type":"","background-media":"","overlay-type":"","overlay-color":"","overlay-opacity":"","overlay-gradient":""},"mobile":{"background-color":"","background-image":"","background-repeat":"repeat","background-position":"center center","background-size":"auto","background-attachment":"scroll","background-type":"","background-media":"","overlay-type":"","overlay-color":"","overlay-opacity":"","overlay-gradient":""}},"ast-content-background-meta":{"desktop":{"background-color":"var(--ast-global-color-5)","background-image":"","background-repeat":"repeat","background-position":"center center","background-size":"auto","background-attachment":"scroll","background-type":"","background-media":"","overlay-type":"","overlay-color":"","overlay-opacity":"","overlay-gradient":""},"tablet":{"background-color":"var(--ast-global-color-5)","background-image":"","background-repeat":"repeat","background-position":"center center","background-size":"auto","background-attachment":"scroll","background-type":"","background-media":"","overlay-type":"","overlay-color":"","overlay-opacity":"","overlay-gradient":""},"mobile":{"background-color":"var(--ast-global-color-5)","background-image":"","background-repeat":"repeat","background-position":"center center","background-size":"auto","background-attachment":"scroll","background-type":"","background-media":"","overlay-type":"","overlay-color":"","overlay-opacity":"","overlay-gradient":""}},"footnotes":""},"class_list":["post-152","page","type-page","status-publish","hentry"],"_links":{"self":[{"href":"https:\/\/hs-sophienstrasse.de\/index.php\/wp-json\/wp\/v2\/pages\/152","targetHints":{"allow":["GET"]}}],"collection":[{"href":"https:\/\/hs-sophienstrasse.de\/index.php\/wp-json\/wp\/v2\/pages"}],"about":[{"href":"https:\/\/hs-sophienstrasse.de\/index.php\/wp-json\/wp\/v2\/types\/page"}],"author":[{"embeddable":true,"href":"https:\/\/hs-sophienstrasse.de\/index.php\/wp-json\/wp\/v2\/users\/1"}],"replies":[{"embeddable":true,"href":"https:\/\/hs-sophienstrasse.de\/index.php\/wp-json\/wp\/v2\/comments?post=152"}],"version-history":[{"count":56,"href":"https:\/\/hs-sophienstrasse.de\/index.php\/wp-json\/wp\/v2\/pages\/152\/revisions"}],"predecessor-version":[{"id":2749,"href":"https:\/\/hs-sophienstrasse.de\/index.php\/wp-json\/wp\/v2\/pages\/152\/revisions\/2749"}],"wp:attachment":[{"href":"https:\/\/hs-sophienstrasse.de\/index.php\/wp-json\/wp\/v2\/media?parent=152"}],"curies":[{"name":"wp","href":"https:\/\/api.w.org\/{rel}","templated":true}]}}